). Let k = 26 - p. Suppose -k = -3*l - g - 3*g, -2*g - 35 = -3*l. What is the remainder when 33 is divided by l?
6
Suppose -5*p + 714 = 19. Let y be (-2)/1 - 8/(-2). Suppose -y*a - 47 = -p. Calculate the remainder when a is divided by 16.
14
Let d(j) = 2*j**2 + j - 7. What is the remainder when d(-5) is divided by -78 + 86 - (-5)/1?
12
Let h be 3 - (-5)/25*-5. Suppose 84 = 2*y + h*y. Calculate the remainder when 145 is divided by y.
19
Suppose 0 = 33*f - 39*f + 1386. What is the remainder when f is divided by 26?
23
Let w(b) = 9*b + 9. Let q(f) = -26*f - 26. Let v(k) = -4*q(k) - 11*w(k). Calculate the remainder when 118 is divided by v(5).
28
Suppose h - 13 = -g, -g = 4*g + h - 81. Calculate the remainder when g is divided by 4.
1
Let m(a) = -12*a - 714. What is the remainder when 214 is divided by m(-64)?
52
Let w(f) = -f**3 + 6*f**2 - 4*f + 3. Let r be w(4). Suppose r = 2*g + 7. Let o(m) = -m**3 + 6*m**2 + m - 7. What is the remainder when o(5) is divided by g?
5
Let r(t) = -2*t + 9*t + 2 - 7. Calculate the remainder when r(7) is divided by (-45)/(-18)*(-48)/(-10).
8
Suppose -5*q + 5*a = -4*q - 83, 5*a = -4*q + 232. Suppose 0 = 3*k - 27 - 12. Calculate the remainder when q is divided by k.
11
Let i be (4/2)/1 + -2. Suppose 0 = c - 33 - i. Calculate the remainder when c is divided by (-6)/9 + (-38)/(-3).
9
Suppose 3*c = 5*x + 3 + 6, -3 = -4*x - c. Suppose -2*t + 2*o + 120 = x, 0 = -t + 3*t + 3*o - 95. Calculate the remainder when t is divided by 8.
7
Calculate the remainder when ((3 - 2) + 8)/1 is divided by 12/((-1)/((10/4)/(-5))).
3
Let m(x) = 4*x**3 - 2*x**2 + 2*x - 1. Let w be (7/(-14))/((-3)/(-132)). Let j = -15 - w. Calculate the remainder when m(2) is divided by j.
6
Suppose 24*t = 22*t + 10. Suppose 288 + 86 = t*g - z, -5*z - 295 = -4*g. Calculate the remainder when g is divided by 26.
23
Suppose 4*k + 103 = 3*q, -4*k - 37 = -q - 0*k. Let b = q - 23. What is the remainder when 18 is divided by b?
8
Let k = -830 - -855. Calculate the remainder when k is divided by (12/16)/((-2)/(-8)).
1
Let b(r) = -r**2 - 18*r - 5. Calculate the remainder when b(-16) is divided by ((-6)/5)/((-11)/(770/21)).
3
Let f(s) = s**2 - s + 4. Let h be f(3). Suppose 0*b = -h*b + 150. Let y(p) = 10*p**2 + 2. Calculate the remainder when y(2) is divided by b.
12
Suppose 49 - 221 = -2*n. What is the remainder when n is divided by (26 + -3 + -1)/2?
9
Let n(x) = -5*x - 23. Suppose -9*q + 240 = -4*q - p, -44 = -q + p. What is the remainder when q is divided by n(-8)?
15
Let b(l) = 4*l**3 + l**2 + 33*l - 185. What is the remainder when b(5) is divided by 133?
106
Calculate the remainder when (13 - (-40)/5)*58/6 is divided by 70.
63
Suppose -614*k = -651*k + 444. Let j = -8 - -5. Calculate the remainder when j/((-86)/(-92) - 1) is divided by k.
10
Let q = -282 - -293. What is the remainder when q is divided by 7?
4
Let x be ((-96)/80)/(2/(-5)). Suppose 2*f + 2*f = 5*z - 69, 39 = 3*z - x*f. What is the remainder when 31 is divided by z?
14
Let c(l) = -l**2 + 22*l + 42. What is the remainder when c(17) is divided by 33?
28
Let y = 178 + -127. Suppose 0 = -26*p + 23*p - 18. Calculate the remainder when y is divided by (-6*7/((-14)/p))/(-1).
15
Let k = -136 + 175. Calculate the remainder when 86 is divided by k.
8
Suppose 54 - 37 = h. Calculate the remainder when 147 is divided by h.
11
Suppose -2*s + 120 = 38. Calculate the remainder when s is divided by 17.
7
Let r = 455 + -288. Suppose 2*u = -5*a + 93, 0 = -3*a + 199*u - 194*u + 93. Calculate the remainder when r is divided by a.
20
Let n(d) = -2*d**2 - 21*d + 18. Let j be n(-15). Let z be 1/(((-6)/j)/2). Suppose -6*l + 201 = -z. Calculate the remainder when l is divided by 11.
7
Let m = 38 - -86. What is the remainder when m is divided by (1 - (-2 + 4)) + 44?
38
Let x be 40/25 + 4 + (-6)/(-15). Let w(u) be the second derivative of u**4/12 - u**3/6 - 4*u**2 + u. Calculate the remainder when w(x) is divided by 13.
9
What is the remainder when (104 + 10)/(4 - (-1 - -3)) is divided by 48?
9
Calculate the remainder when (-24 - -37) + -1 + -1 + 0 is divided by 8.
3
Let p = -119 + 207. Let s(y) = -67*y + 1118. What is the remainder when p is divided by s(16)?
42
Let y(t) = -t**2 - 38*t + 57. Calculate the remainder when y(-18) is divided by 137.
6
Suppose 3*o + 4*n - 15 - 66 = 0, -5*o + 5*n + 170 = 0. Suppose 3*f - 11 = 22. What is the remainder when o is divided by f?
9
Let t(l) be the third derivative of -1/3*l**4 + 5*l**2 + 1/120*l**6 + 1/60*l**5 + 1/6*l**3 + 0*l + 0. Calculate the remainder when t(4) is divided by 17.
15
Suppose 0*l - 1 = -2*l + 5*i, -2*i + 2 = 0. Suppose 3*p - 36 = -l*j, -4*p = j - 28 + 1. Suppose 367 = 18*h + 7. Calculate the remainder when h is divided by j.
6
Let c(o) = -o**2 - 19*o + 20. Let v be c(-21). Let a(r) = -r - 11. Calculate the remainder when 62 is divided by a(v).
7
Suppose 3*y - 33 - 9 = 0. Let z = 59 - 21. What is the remainder when z is divided by y?
10
Calculate the remainder when 957 is divided by ((-41)/82)/(1/(-214)).
101
Suppose 3*t = -5*z - t + 835, -3*t + 167 = z. What is the remainder when z is divided by 68?
31
Suppose -4 = -2*y + 4*v, -y + 3*v = -3 + 6. Calculate the remainder when 16 is divided by y.
4
Let w be -11 - -8 - (-52 + 1). Let q = w + -3. Calculate the remainder when q is divided by 2/(-6) - 49/(-3).
13
Suppose j = -2*j - w - 121, -5*j = -2*w + 198. Let h = 65 + j. Calculate the remainder when 70 is divided by h.
20
Let b be ((-36)/(-15) - 2)*(1 + 29). Suppose 0*u + 4*u - b = 0. Calculate the remainder when 8 is divided by u.
2
Suppose -3*o + 84 = d - 7*o, 212 = 2*d + 3*o. Suppose 4*m - d = 2*q, 4*m + 0*q - 5*q - 112 = 0. Let y = -12 + 25. What is the remainder when m is divided by y?
10
Suppose 3*u - 22 = 455. Suppose -2*y = -i + 64 - 14, -3*i = 3*y - u. What is the remainder when i is divided by 8?
4
Let m(t) = 56*t**2 + t. Suppose 2*y + 47 = 3*r - 17, 5*y + 83 = 4*r. What is the remainder when m(1) is divided by r?
13
Suppose -4*y + 2*x + 36 + 10 = 0, 0 = 2*y + 5*x - 53. Calculate the remainder when 15 is divided by y.
1
Let f(o) = 4*o**2 - 12*o + 10. Let l be f(4). Suppose -4*w - 132 = -36. Let c = w + l. Calculate the remainder when 9 is divided by c.
1
Suppose -5380 + 5100 = -8*i. Calculate the remainder when i is divided by 30.
5
Suppose 6*z - 3*z - 8 = b, 0 = -2*z - 5*b + 11. What is the remainder when (12/(-3) - -2) + 35 is divided by (z - 0) + (16 - 7)?
9
Suppose 7*a = 2*a + 135. Let o = 3544 + -3530. What is the remainder when a is divided by o?
13
Let z(m) = -11*m**2 - 38*m + 6. Calculate the remainder when 101 is divided by z(-3).
17
Suppose 15 = 5*u, -13*u = 2*g - 11*u - 168. What is the remainder when 257 is divided by g?
14
Let i(q) = q + 17. Let f(s) = -3*s - 17. Let j be f(-10). Calculate the remainder when i(j) is divided by 11.
8
Let w(r) = 19*r. Suppose -3*t = -5*i - 285, -4*t - 4*i = -397 + 49. Let l = t + -36. What is the remainder when l is divided by w(1)?
16
Let m(k) be the first derivative of -12*k**2 + 3*k - 1. Let o(p) = -5*p**2 + 19*p + 2. Let i be o(4). Calculate the remainder when m(i) is divided by 13.
12
Let l = 164 - 86. Calculate the remainder when l is divided by 14.
8
Let o = 7 + 32. Suppose 59 + o = 2*x. Let w = -222 + 235. What is the remainder when x is divided by w?
10
Let a = 632 - 612. Suppose 4*z - 28 - 124 = 0. Calculate the remainder when z is divided by a.
18
Let m = 32 - 52. Let u = m - -82. Calculate the remainder when u is divided by 16.
14
Suppose 2*d + d + 3*f + 315 = 0, 0 = 2*d + 5*f + 213. Let w = d - -114. What is the remainder when 57 is divided by w?
7
Suppose c + 228 = 5*c. Suppose -13*a = -177 - c. Calculate the remainder when 34 is divided by a.
16
Let c be (-18)/8*(-3)/((-3)/(-4)). Let m = c + -5. What is the remainder when m is divided by 1?
0
Suppose -2*g + 5*b + 48 = 4*b, b = 3*g - 73. What is the remainder when g is divided by 4?
1
Suppose 600 - 744 = -8*d. What is the remainder when 393 is divided by d?
15
Let y(s) = 6*s + 11. Let l be y(0). Suppose -l*z = -6*z - 60. Let k(i) = 2*i**2 - i. What is the remainder when k(-3) is divided by z?
9
Let c = -1639 + 1646. What is the remainder when 109 is divided by c?
4
Let o = 17 + -16. Let p = o + -1. What is the remainder when 4 - p - (-13 + -2) is div